*d**3 - 3*d**2 - 2*d - 3. Let o(i) = -4*b(i) + y(i). Calculate the remainder when o(2) is divided by 18.
15
Let g(f) = 3*f + 17. Let k(l) = l + 8. Let d(x) = -4*g(x) + 7*k(x). What is the remainder when d(-8) is divided by 15?
13
Suppose -3*p + 30 = 4*g, p + 2*g - 6 = 6. Calculate the remainder when 15 is divided by p.
3
Let b be ((-10)/(-3))/((-12)/(-90)). Suppose -3*f + 41 = -b. What is the remainder when f is divided by 12?
10
Let w(g) = -5*g + 4. Suppose -m + 4*v = -3*m - 22, 5*m - 5*v + 10 = 0. What is the remainder when w(m) is divided by 8?
5
Let p(n) = n**2 - 4. Calculate the remainder when p(-4) is divided by 8 + ((-2)/(-1))/(-2).
5
Calculate the remainder when 53 is divided by 960/112 + (0 - 6/(-14)).
8
What is the remainder when 13 is divided by (6/(-27) - (-29)/9) + 1?
1
Calculate the remainder when 179 is divided by (-1596)/(-108) + (-2)/(-9).
14
Let z(c) = c**3 - 2*c**2 - c - 4. Let v be z(3). Suppose v*o + 0 - 2 = 0. What is the remainder when ((-3)/9)/(2/(-12)) is divided by o?
0
Suppose -c - 3*f = 0, -5*c + 7 + 12 = -4*f. Suppose 40 = s + 4*b - c*b, -4*s + 160 = -b. Calculate the remainder when s is divided by 14.
12
What is the remainder when 31 is divided by -3*(85/3)/(-5)?
14
Suppose 5*w - 6*w = 0. Let l = w - -5. Calculate the remainder when l is divided by 3.
2
Let x = 76 - 26. Calculate the remainder when (-3)/18 - x/(-12) is divided by 3.
1
Let q(m) = 7*m**2 - m - 1. Let x(n) = -n**2 - 7*n - 2. Let b be x(-7). Calculate the remainder when q(b) is divided by 15.
14
What is the remainder when ((-68)/(-10))/(3/15) is divided by 7?
6
Let p = 3 + -3. Suppose -2*x + p*x = -c - 42, -5*c + 37 = 3*x. What is the remainder when x is divided by 11?
8
Let h be 151/(-2 + 1 + 2). Suppose 3*m = x - 5*x + h, 4*m - 148 = -4*x. Calculate the remainder when x is divided by (-2 + 8/(-10))*-5.
12
What is the remainder when 45 is divided by ((-24)/(-30))/(1/15)?
9
Let z = 57 - 31. Suppose -4*s + 2 + z = 0. Let x = -1 - -4. Calculate the remainder when s is divided by x.
1
Suppose 5*u - 180 = -t - 3*t, -3*u - 3*t + 105 = 0. Let n = 1 + u. Calculate the remainder when n is divided by 11.
8
Let h = -25 + 41. Suppose -i + 0*i + h = 0. Let d(w) = 2*w**2 + 3*w - 4. Calculate the remainder when d(5) is divided by i.
13
Suppose 2*i - 54 = -i. Let p = -27 + 38. Let z = p - 4. Calculate the remainder when i is divided by z.
4
Let p(z) = 10*z - 25. Calculate the remainder when (-27)/(-1) - (-6)/3 is divided by p(4).
14
Suppose -5*a = -10, 5*u + 10*a = 8*a + 1189. Calculate the remainder when u is divided by 34.
33
Let g(x) = x**2 - 2*x + 7. Calculate the remainder when 89 is divided by g(0).
5
Let d(b) = b**3 + 5*b**2 - 2*b. Let s(z) = -27*z + 1 - 3 - z**2 - 3 + 17*z. What is the remainder when s(-4) is divided by d(-5)?
9
Let i be -1*2/2 + 1. Let a = i + 3. Calculate the remainder when a/((-93)/102 + 1) is divided by 12.
10
Let d(m) = -4*m - 3. What is the remainder when d(-14) is divided by 21?
11
Let m(t) = -5*t + 11 - t**2 + 2*t**2 + 2*t**2 - 2*t**2. Let u be 3*6/(4 - 2). Calculate the remainder when m(u) is divided by 16.
15
Let i be 8*(1 + 3/(-6)). Let y = i + 13. What is the remainder when 49 is divided by y?
15
Let s(i) = i + 16. Calculate the remainder when 79 is divided by s(5).
16
Suppose -5*c = -2*n + 52, -2*n + 29 + 23 = -3*c. Let b = 38 - 24. What is the remainder when n is divided by b?
12
Let t(s) = -s**2 - 6*s - 3. Let p be t(-2). Suppose -r + 0*r + 23 = p*d, -r = 4*d - 20. What is the remainder when 15 is divided by r?
7
Suppose 6*s - 5*s = 38. Suppose -2*i = -60 - 20. Let w = -20 + i. What is the remainder when s is divided by w?
18
Suppose -71 - 39 = -2*o. Let a(s) = 2*s**3 + 2*s - 1. What is the remainder when o is divided by a(2)?
17
Suppose 0 = -0*n - 4*n + 52. Suppose 5*u - 3*x = -34, 2*x - 28 = u + 3*u. Let i(c) = c**3 + 8*c**2 - 3*c. Calculate the remainder when i(u) is divided by n.
11
Suppose 0 = -2*u + 6, -3*u + 25 = 2*w + 6. Suppose -p + 6*p + 2*j = 54, 4*j = w*p - 72. Calculate the remainder when 23 is divided by p.
11
Suppose -u + 72 = u. Calculate the remainder when 141 is divided by u.
33
Suppose 4*p + 44 = 3*h, -h - 4*h + 4*p + 76 = 0. Calculate the remainder when 45 is divided by h.
13
Suppose 0 = -5*t + t + 28. Calculate the remainder when 12 is divided by t.
5
What is the remainder when 74*1 + (-20)/(-5) is divided by 20?
18
Let i(s) = s**2 - 3*s - 4. Let r be i(4). Suppose r*n + 4*n - 44 = 0. Calculate the remainder when 1 - 0 - (-6 - 12) is divided by n.
8
Suppose -i - 3 - 1 = 0. Let y(n) = 2*n**2 + 3*n + 1. What is the remainder when 61 is divided by y(i)?
19
Let a = 4 + 18. Let f = -8 + a. What is the remainder when 26 is divided by f?
12
Let g(x) = x**3 - 13*x**2 + 13*x + 2. Calculate the remainder when 30 is divided by g(12).
2
Suppose 22 + 194 = 3*t - d, 3*t - 231 = -4*d. What is the remainder when t is divided by 38?
35
Calculate the remainder when (-20 + 21)/(2*2/40) is divided by 3.
1
Let p = 42 - 28. Calculate the remainder when 67 is divided by p.
11
Suppose l + 10 = 3*l. Suppose -2*t = 3*t - 45. What is the remainder when 155/t - (-8)/(-36) is divided by l?
2
Suppose 3*l - 45 = l - p, -5*l + 120 = 5*p. Suppose 0 = -4*a + 2*a - 8. Calculate the remainder when l is divided by 11 - a/12*3.
9
Let k(o) = -o**2 - 12*o + 17. Let r be k(-13). Suppose r*x + 0*x - 212 = 0. Calculate the remainder when x is divided by 14.
11
Let s be (-2)/3 - 985/(-15). Let n = s - 7. What is the remainder when n is divided by 20?
18
Let n be (16/4)/(2 - 1). Calculate the remainder when 0 - 16/n - -22 is divided by 5.
3
Let r = -8 - -20. What is the remainder when 59 is divided by (-3)/r + (-324)/(-16)?
19
Suppose 9 = 3*t - 3. Let y(w) = -w**3 - 5*w**2 - 4*w + 5. Let n be y(-4). Let k(x) = 2*x - 3. Calculate the remainder when k(n) is divided by t.
3
Let o(a) = -a**3 - 8*a**2 + 3*a + 27. Let i(z) = z**3 - 8*z**2 + 9*z - 9. What is the remainder when i(7) is divided by o(-8)?
2
Let l(b) = b + 6. Let h be l(-7). Calculate the remainder when 6 is divided by h/((2/(-4))/1).
0
Let y = 97 - 149. Let s = -30 - y. Calculate the remainder when s is divided by 12.
10
Suppose 12*i = 6*i + 30. What is the remainder when i is divided by 2?
1
Let r(o) = -5*o - 27. What is the remainder when 43 is divided by r(-10)?
20
Calculate the remainder when (4 + 88/(-20) + 2)*5 is divided by (-4)/14 + (-37)/(-7).
3
Let b(w) = w**3 - 8*w**2 + 8*w - 3. Let l be b(7). Suppose f + 20 = 4*s - 24, 2*f + 44 = l*s. Calculate the remainder when 21 is divided by s.
10
Let r = -50 - -67. Calculate the remainder when r is divided by 14.
3
Let d = 16 - 27. Let l = d + 22. Calculate the remainder when l is divided by 4.
3
Let j(i) = i**3 - 4*i**2 + 3*i - 4. Suppose -g = -4*g + 12. Calculate the remainder when 15 is divided by j(g).
7
Let q be ((-28)/3)/((-2)/39). Let k = q - 256. Let p = k - -106. What is the remainder when p is divided by 11?
10
What is the remainder when (748/(-77))/(2/(-7)) is divided by 9?
7
Let j = -14 + 28. Calculate the remainder when 1 is divided by (8/56)/(2/j).
0
Calculate the remainder when 5 is divided by -1 + (1 + -2 - -5).
2
Calculate the remainder when 125/15 + (-2)/6 is divided by 5.
3
Suppose -5*c - 108 = -723. Calculate the remainder when c is divided by 31.
30
Let v = -24 + 105. Calculate the remainder when v is divided by 28.
25
Let a be 2/(-8) - (-318)/24. Let h(j) = -j**2 + 17*j + 3. Calculate the remainder when h(a) is divided by 19.
17
Let c = -26 - -50. Suppose -3*p + c - 5 = 4*x, 0 = -4*p + 4. Suppose x*s = s + 30. What is the remainder when 28 is divided by s?
8
Suppose 0 = -2*x - s + 32, -5*x - 46*s + 45*s = -86. Calculate the remainder when x is divided by -10*(-2 + 4)/(-2).
8
Let i = -1 - -3. Suppose 3*n - 3*x - 260 = 2*x, -i*n + 166 = 4*x. Suppose y - 6*y = -n. Calculate the remainder when y is divided by 6.
5
Suppose 9 = 4*h + 33. Let w = -2 - h. Suppose -4*d = w*z - 36, 5*z - 29 = -2*d + 5*d. What is the remainder when z is divided by 3?
1
Suppose -2*q + 51 = -3*q. Let r = 2 - q. Calculate the remainder when r is divided by 28.
25
Suppose 7 = f - 0. Suppose 5*q - q = 8. Suppose -7 = -q*g + f. What is the remainder when 20 is divided by g?
6
Let f(m) = 6*m - 3*m**3 + 3*m**2 + 6*m**2 + 4*m**3 - 9. Let q = -19 + 32. 